5*m + 120, 2*m + 3*m + i - 120 = 0. Let f = -14 + m. Suppose 9*k - f*k = -967. Is k a composite number?
False
Suppose 8*g = 4*g - 2*t + 14, -5 = 2*g + 5*t. Suppose 0 = g*l - 10, -2*r + 14 = 2*r + l. Suppose -5*b = r*u - 427 - 591, -3*b = -4*u - 605. Is b composite?
True
Let i = 148969 + -60924. Is i a prime number?
False
Suppose 1445*n - 161672 = 1437*n. Is n prime?
False
Suppose -4*x - 2737 = 13*x. Let w = x + 5718. Is w a prime number?
True
Let o(w) = w**3 + 96*w**2 - 116*w - 132. Is o(-71) composite?
False
Suppose -b + 2*t = 4*t - 10, 5*t - 26 = -3*b. Let u = 0 - b. Let w(l) = -383*l + 3. Is w(u) prime?
True
Let k = 2303432 + -1213863. Is k a composite number?
True
Suppose -106 + 26 = -8*k. Is (-78992)/(-6) + k/(-30) a composite number?
True
Suppose 5*n - 15 = 0, -80*n + 79*n - 35048 = -z. Is z a composite number?
False
Suppose 42*c = -34*c + 591964. Is c a prime number?
True
Let h(p) = -6*p - 105. Let m(o) = 24*o + 421. Let t(x) = 9*h(x) + 2*m(x). Is t(-19) a composite number?
False
Let p(g) = 46*g**2 + 3 - g**3 - 2*g - 13*g - 38*g**2 - 24*g**2. Is p(-19) a prime number?
False
Suppose 5*d + 20 = -5*l, -7*d + 4*d - 2 = -2*l. Is d + 40/18 - (-1352)/72 composite?
False
Let g be 97502/8 + (-5)/(-60)*3. Let x = g + -8209. Is x prime?
False
Let v = 13286 - 19319. Let b = -2950 - v. Is b a composite number?
False
Let v = 27 - 20. Suppose v*l - 86 = -58. Suppose 2*i + l*u - 1257 = -3*i, -3*i - 3*u + 753 = 0. Is i prime?
False
Let g = 61 - 59. Suppose -3 = -g*x + x, 5*c - 5*x = 81260. Is c prime?
False
Let a(b) = -120664*b**3 + 4*b**2 + 6*b + 3. Is a(-1) prime?
False
Let f = -10 + 16. Suppose f*b = 10*b. Suppose -9772 = -4*d - b*d. Is d composite?
True
Is (-114)/513*18/(-2) + 111819 composite?
False
Suppose 0 = 1287*i - 1283*i + 112724. Let l = i + 42522. Is l prime?
True
Let m(v) = 193 - 9*v - 32 - 2*v + 5*v**2 - v. Is m(22) prime?
False
Suppose 3*i - 11 = 5*y, -14 + 30 = -4*y. Is ((-1)/i)/(30/3135690) composite?
False
Let o(a) = -7*a - 33. Let h be o(-17). Let i be 4/8*-49*(0 - h). Let j = -1362 + i. Is j prime?
False
Suppose 119745 = 3*n - 2*o, -50*n + 53*n + o - 119754 = 0. Is n a composite number?
True
Suppose 0 = -23*f + 25*f + 1834. Let d = -146 - f. Let z = d + 620. Is z a composite number?
True
Let v = -7484 - 279. Let l = v - -11974. Is l a prime number?
True
Let i(j) = 29*j**2 + 9*j + 31. Let m be i(17). Let q = 12386 - m. Is q a prime number?
True
Let y(g) = g**3 - 12*g**2 + 12*g - 12. Let h be y(11). Let t(i) = -3*i**2 - i + 1. Let q be t(h). Is 224 + 1 + 3/q + 1 prime?
True
Is (-1 - 711008/(-18)) + (-8)/(-18)*-1 prime?
True
Suppose 5*i - 696425 = -2*j + 2516950, -5*i + 3213345 = -4*j. Is i a prime number?
True
Let m be (-5 - -3 - -5) + (-6)/6. Suppose 9789 = 5*p - 2*b, 2*p - m*b - 3042 - 870 = 0. Is p a composite number?
True
Is 99/154*168/(-144) - 3263239/(-4) a composite number?
False
Suppose 20*b - 664129 = -179386 + 23917. Is b a composite number?
True
Let g = 200001 - -33322. Is g composite?
False
Let z be (1 - 2)*1*-10. Let o(j) be the first derivative of 27*j**2 + 7*j - 139. Is o(z) composite?
False
Suppose -n = 4*t - 8679, -2*n - 814 = -t + 1367. Let v(q) = -81*q + 1. Let u be v(-1). Let a = t + u. Is a composite?
True
Let p(n) = 144*n**2 + 11 - 52*n + 176*n**2 + 21*n**2 + 58*n. Let t = 52 - 55. Is p(t) a composite number?
True
Let h(r) = 143*r**3 + 18*r**2 - 58*r + 668. Is h(9) composite?
True
Suppose -x - o + 43159 = 0, 35*x - 172636 = 31*x - o. Is x a composite number?
False
Let c(f) = 5374*f + 1021. Is c(83) composite?
True
Let h = 2168 + -2178. Let d be -6*(1/3 + 1). Is (2588/h)/(3*d/60) a composite number?
False
Let o(k) = -131*k**3 - 3*k + 4. Let a be o(-3). Is (a - 5) + (4 + -3 - 1) a prime number?
False
Suppose -2*b + 11*b = 18. Suppose -2*j = -3*a + 999, -b*a = -10*j + 7*j - 661. Is a prime?
False
Let a(p) = p**3 + p**2 - 5*p + 16. Suppose -4*q + 5*i = -56 + 19, 0 = -3*i - 15. Let f be (1/(-3))/(q + 384/(-126)). Is a(f) composite?
False
Let t(n) = n**3 + 17*n**2 + 17*n + 24. Let u be t(-16). Suppose -d = -4*b + 41, -5*b - u*d + 3*d + 45 = 0. Let z(l) = 14*l + 23. Is z(b) prime?
True
Suppose 0 = -106*f + 13326149 - 4749159. Is f a composite number?
True
Suppose 135286 = d - 3*x, 80*x - 83*x + 676520 = 5*d. Is d a composite number?
False
Let s(w) = -100*w - 406 + 3*w + 328. Is s(-8) a prime number?
False
Suppose 19*h - 17*h = -4. Let z be (-44790)/(-102) + h/17. Let f = z + 268. Is f composite?
True
Suppose 0 = 30*a - 94 - 176. Is (7044/9)/(12/a) a prime number?
True
Let q(l) = -80337*l - 5992. Is q(-7) composite?
True
Let d = -3 + 193. Let r = 411 - d. Is r prime?
False
Let w = 732281 - 371508. Is w prime?
False
Let h(g) = 14202*g**2 - 169*g - 5. Is h(6) a prime number?
True
Let m be 6 + (-7 - (-3 + -1)). Suppose m*t = -5*r + 36077, -3*r - 5808 + 27457 = -t. Suppose 15*s - 9869 - r = 0. Is s composite?
True
Suppose 3*t + 3 = -v - 6, 15 = v - 5*t. Suppose v = -2*d - 27*d + 300701. Is d composite?
False
Suppose -1972082 = 180*q - 194*q. Is q a prime number?
True
Suppose 1175 = -7*c + 3919. Let b = -235 + c. Is b composite?
False
Suppose 0 = 264*s - 273*s + 18. Let o be -2 + -2*20425/(-2). Suppose -5*d + s*b + o = 4322, 4*d - 4*b - 12876 = 0. Is d a composite number?
False
Suppose -158962 = -4*h + 2*u, -3*h + 25*u = 27*u - 119239. Suppose 21*l - 213602 + h = 0. Is l prime?
False
Suppose 4410 = -4*i + 3*l + 30125, -5*l = -i + 6433. Let j = i + 7143. Is j prime?
False
Let d be -1*(-7)/(-28) + 51/12. Suppose -2*j + 2*n + 5866 = 6*n, -d*j + 11741 = 5*n. Is j composite?
False
Let i = -1626 - -1623. Let n(m) = 10*m**3 - 7*m**2 - 5*m. Let p(b) = 9*b**3 - 7*b**2 - 4*b + 1. Let a(j) = 3*n(j) - 4*p(j). Is a(i) a prime number?
False
Let p = -73737 + 180178. Is p composite?
False
Let r(t) = -50*t**3 - 7*t**2 - 98*t + 77. Is r(-16) a prime number?
False
Suppose 983*r - 992*r + 27833 = -2786170. Is r a prime number?
False
Let m(n) = 130*n**2 + 85*n + 605. Is m(-58) a composite number?
True
Let x(j) = 77*j - 2. Let p be x(11). Suppose -u = 890 + p. Let k = u - -3064. Is k composite?
True
Let c = 7090 + -10708. Let y = -1432 - c. Suppose -16*k + 11750 + y = 0. Is k composite?
True
Let f(o) = 1746*o**3 - o**2 - 3*o + 5. Let l = 556 - 554. Is f(l) a composite number?
False
Suppose -4*w + 36643 = -6*k + k, 0 = -w - 5*k + 9142. Let n = -1658 + w. Is n composite?
False
Let l = 523650 - 105979. Is l composite?
False
Suppose 9*x + 78 = 15*x. Suppose x*u + 415 = 8*u. Let b = 154 + u. Is b a prime number?
True
Let o be (-117)/(-7) + 2/7 + -3. Is (1561/o)/(3/6) prime?
True
Let o(d) = -d**2 + 13*d - 5. Let g be o(14). Let c = g - -26. Suppose 0 = -c*z + 10*z - 1671. Is z composite?
False
Let b(t) = 80*t**2 - 2649*t + 46. Is b(-35) composite?
True
Let z(c) = c**3 + 13*c**2 + 9*c + 24. Let g be z(10). Let p = g + 3083. Is p a prime number?
False
Suppose -110401 - 153989 = -42*v. Let o = v - 1218. Is o a prime number?
True
Is (18/(-24)*(-4)/(-3))/(1/(-298241)) a prime number?
False
Let h = -9158 - -13315. Suppose h - 12431 = -21*x. Is x a composite number?
True
Suppose y = -2*o - 2*o + 20, 4*y - 63 = o. Is 1117 + 0*(-2)/y a prime number?
True
Suppose -12 + 21 = 3*g. Let b(u) = 5*u**3 + 2*u**2 - 12 + 2*u**g - 6*u**3. Is b(5) a composite number?
False
Let a(b) = 77*b**2 + 94*b - 13. Is a(-30) a prime number?
True
Let j = 47251 - -84360. Is j composite?
False
Suppose 99 = -3*t + v, 3*t + 0*v - 2*v + 96 = 0. Let h = t + 38. Suppose h*z - 3554 = 2*w, 5*w + 2282 = 4*z - 1269. Is z a prime number?
False
Suppose -3*w + 173*x + 1024127 = 178*x, -5*w + 3*x = -1706969. Is w prime?
False
Let g(v) be the second derivative of 287*v**3/3 + 21*v**2/2 + 7*v + 18. Is g(14) a prime number?
False
Let r(n) = -9*n - 54. Let j be r(-6). Suppose -i - 2*g + 1199 = j, i - 4*g = 1396 - 215. Is i a composite number?
False
Let u(h) = -5999*h + 227. Is u(-6) prime?
False
Suppose 4*g = 5*g - 10. Let a be g/(-6)*(-19 - -16). Suppose -a*y + 59 = -771. Is y a prime number?
False
Suppose 15 - 27 = 3*p. Let l be ((-2)/p)/(1/8). Suppose x - 3*x = l*f - 3204, -2*f + 1606 = 2*x. Is f a composite number?
True
Suppose 2*g = -4*i - 61006, 4*g - 8*i + 3*i + 122025 = 0. Is g/(-2) - (-4)/(-40)*-5 a prime number?
False
Let o = 98652 - 32485. Is o a prime number?
False
Let o(n) = 8001*n + 26